1
What is -10 + 1 + 1 + (11 - 7)?
-4
Evaluate -28 + 17 - (-4 - 5).
-2
What is the value of 2 + (2 - 5 - -2) + 3?
4
Evaluate 4 - ((12 - 4) + -2).
-2
17 + (-16 - -10) - 17
-6
What is 15 + -14 - (6 - 2)?
-3
Calculate 3 + 8 + -2 + -14.
-5
-20 - ((2 - 14) + 3)
-11
Calculate (10 - 10) + 8 + (-4 - 2).
2
What is (7 - (-7 + 3 + 4)) + -8?
-1
7 - (16 + (4 - 12))
-1
Evaluate 0 + 2 + (2 - (0 - -1)).
3
What is 8 + -2 - ((1 - -3) + 5)?
-3
Evaluate -3 - (5 - 6 - (-1 + 2)).
-1
What is the value of (2 - 0) + -7 + (1 - -4)?
0
What is the value of -2 + (-1 - (0 - 2))?
-1
Calculate -4 + (-5 - (-4 + (-3 - -3))).
-5
Evaluate 3 + 2 + -8 - (-5 + 5).
-3
4 - (-10 + 21 - 5)
-2
Evaluate (3 + 2 - 5) + (-1 - 3).
-4
What is the value of (6 - (-3 - -18)) + 6 - -4?
1
Calculate -4 + (-2 - (-2 - 4)).
0
What is the value of (-2 - 2) + -6 + 5?
-5
Evaluate ((-3 - -3) + -4 - -5) + -4.
-3
Calculate (2 - (2 + 1)) + (-9 - -10).
0
Calculate (6 - 11) + (4 - -2).
1
What is the value of 5 + 3 + (-5 - -5) + -2?
6
-35 + 32 + 1 + 2
0
What is the value of -1 + (6 - (0 - -8))?
-3
Evaluate (5 + -4 - -2) + 1 + -2.
2
What is the value of (4 + 0 - 4) + -6 + 8?
2
14 + -9 - (1 + 0) - 4
0
What is the value of 46 + -41 + (-1 - 8) + 5?
1
Calculate (2 - -1) + -1 + (0 - 6).
-4
What is the value of (-4 - -5) + -3 - 1?
-3
-4 + 1 + 0 + -2
-5
Evaluate -3 - (-4 + 5) - (3 - 8).
1
What is the value of 3 + -2 + -4 + 2?
-1
Calculate (4 - 0) + -7 - -1.
-2
Evaluate (-2 - -1) + 5 - (-198 - -203).
-1
Calculate (-2 - 4) + (2 - -1).
-3
Calculate -4 - (15 - 7) - -11.
-1
What is the value of 0 + -1 + -12 + (-14 - -25)?
-2
2 + -10 + 14 - (10 + 0)
-4
What is the value of (0 - (8 + 1 + -6)) + -6?
-9
Calculate 5 + (6 - (0 + 7)).
4
(13 - 5) + -8 + 6
6
What is (1 - -5) + (30 - 34)?
2
What is the value of 8 + (-8 - (5 + -4))?
-1
Calculate -6 + (0 - -5 - -1).
0
Calculate -1 + 5 + (3 - 2).
5
-7 - (2 - (-4 - -8))
-5
Calculate -11 + 13 - (4 - 0).
-2
Evaluate (0 - 13) + (-217 - -222).
-8
1 - 2 - (-49 - -55)
-7
What is 17 + -21 - (-3 - 0)?
-1
Evaluate -14 + 9 + (-1 - -2) + -4.
-8
What is (1 - -4) + -2 - -1?
4
Evaluate -4 - (-7 - 10) - 3.
10
Evaluate 0 - (-9 + 2 + 3 + -1).
5
What is the value of (-2 - 0) + -3 + (-6 - -8)?
-3
What is (-14 - -12) + (1 - -1) - -2?
2
Calculate (-20 - -13) + -3 + 14.
4
Calculate (5 - 6 - 3) + 6.
2
Evaluate -7 - (-5 + (-10 - -7) - 4).
5
(5 - 9) + 13 + 8 + -6
11
What is the value of 4 + 1 + 7 + -15?
-3
What is -5 - (-5 + 1) - 0?
-1
Calculate (6 + 1 - 4) + -2.
1
What is the value of -11 - (9 + (0 - 11))?
-9
Evaluate -5 - (9 - 4 - 6).
-4
What is the value of 6 + (1 - 12) + 10?
5
What is the value of -8 + 5 + -2 + 0 - -3?
-2
8 - (-8 + 9 + 15)
-8
(-1 - -1) + -2 - (4 - 3)
-3
7 - (4 + 1) - 3 - -9
8
What is 0 - (-3 + (4 - 3))?
2
Evaluate (4 - (-2 - -4)) + (-14 - -15).
3
What is -1 - 1 - (3 + -5) - -2?
2
-3 + 6 - -1 - (9 - 10)
5
What is the value of 0 + 2 + (-2 - 1) + 0?
-1
What is the value of -5 + 1 - ((-1 - -6) + -8)?
-1
Calculate -4 + 2 + -16 + 19.
1
Calculate 0 + (4 - 0) - (25 - 17).
-4
What is the value of 0 - 2 - 1 - (0 - 5)?
2
Evaluate 2 + -3 + 1 - -3.
3
Calculate 4 - (7 - (3 - -1)).
1
What is the value of -3 - (3 + -3 + -3 - 0)?
0
What is -2 + 0 - (-4 + (8 - 2))?
-4
Calculate 44 + -54 - ((1 - 3) + -2).
-6
Calculate 0 + 0 + (-6 - (-16 + 8)).
2
Calculate 0 + 10 - (-1 + 6).
5
Evaluate 5 + -18 + 4 - -5.
-4
Evaluate -1 - (-2 + -5 + 3 + 2).
1
What is -1 - (-1 + (-3 - (-7 - 0)))?
-4
Calculate 2 + (3 - 2 - -1).
4
Evaluate (-11 - -19) + (2 - 5) + -12.
-7
Evaluate (13 - 2) + -6 + -1.
4
Calculate 0 - -1 - -1 - (-7 + 9).
0
Evaluate -5 - -2 - -3 - 10.
-10
What is the value of -5 + 13 - 14 - 1?
-7
0 + -4 + -6 + 6
-4
Evaluate 4 - (-4 + 8) - -2.
2
1 + 1 + (2 - (1 - -2))
1
Evaluate -10 + 8 + 3 + 1.
2
2 - (-3 - (1 - 3))
3
What is the value of -1 + 2 - (-72 + 72)?
1
Evaluate 2 + 2 + 1 - -2.
7
(15 - 5) + -5 + -5
0
What is the value of (-10 - -16) + -6 + 2?
2
0 + 3 + 2 + 10 + -8
7
Calculate 2 + -6 - (9 + -12).
-1
Evaluate -1 - -1 - (2 - -4).
-6
(4 - -3 - 2) + -3 - 4
-2
Calculate -7 - (1 - 2) - -2.
-4
Evaluate 6 + 4 + (-15 - -8).
3
Evaluate -1 - -2 - (-40 + 45).
-4
Calculate -2 - (-2 + -2) - -2.
4
What is the value of 1 + (2 - 3) - (1 + 0)?
-1
Evaluate -5 - (1 + -2) - -9.
5
What is the value of (-3 - -1) + (6 - -1)?
5
What is the value of 22 + -2 + -7 - 9?
4
Evaluate 1 - 0 - (-13 + (16 - 6)).
4
Evaluate 23 - 18 - (6 - (3 + -1)).
1
Calculate 0 + 4 - (-2 + 7).
-1
2 + -1 - (20 + -17)
-2
Evaluate 3 + 9 + -12 - 7.
-7
-1 - -5 - (8 - 3)
-1
Calculate 6 + (12 + -1 - 10).
7
What is the value of (-1 - -2) + (4 - (6 + -5))?
4
-1 + 3 - ((1 - 5) + 10)
-4
(-11 - (-3 - -5)) + 4
-9
What is the value of -3 + -6 + -2 + 13?
2
(-10 - (10 + -14)) + 5
-1
Evaluate (44 + -44 - (-1 - 2)) + 0.
3
What is -3 - (0 + 9 + -7)?
-5
What is the value of 4 - (5 + -1 + (-1 - 2))?
3
What is -1 + -2 - (4 - (-3 - -10))?
0
-5 + 2 - (1 + -4)
0
Calculate (-2 - (4 - 5)) + 0 - -3.
2
(9 - 9) + 5 + 1 + 1
7
Calculate (-35 - -31) + 0 + -1.
-5
-2 + 3 - (-1 + 3)
-1
-2 - (-6 + -2 + 1)
5
Evaluate -8 - -15 - (-3 - -10) - 9.
-9
Evaluate -3 - -3 - (-4 + 4) - -2.
2
Evaluate (3 - 1) + (20 - 18).
4
Calculate -4 + -1 + (3 - (-6 + 4)).
0
What is the value of 1 + -12 - (-7 + 14 + -9)?
-9
Evaluate -6 + (-65 + 64 - (-2 - -1)).
-6
Calculate -2 + -2 + 3 + 7.
6
Calculate (3 - -2 - 13) + 12.
4
Calculate -2 - 5 - (0 + 3 + -5).
-5
Evaluate 0 - (12 - 8) - -3.
-1
Calculate (18 - (0 + 9)) + -7.
2
Evaluate -2 + -9 + 5 - (-2 + 0).
-4
Evaluate 1 - 8 - (-5 - -2).
-4
Evaluate 1 + (-3 - -8) + -9 + -2.
-5
Evaluate -5 + 0 + 1 + 2.
-2
What is the value of -8 - -7 - (1 - 3)?
1
What is the value of -2 + (-2 - 4) + 6?
-2
Evaluate 6 + (0 - (-3 + 13)).
-4
What is -4 - (-5 - (1 - 5))?
-3
What is the value of 1 + 5 + 2 - 2?
6
Evaluate (5 - 9) + 3 + -1 + 1.
-1
(0 - (2 + -4)) + -3
-1
(-7 - 0) + -2 + 1 + 11
3
Calculate (6 - 11) + 5 - 0.
0
(-2 - (-2 - 2)) + 8 + -6
4
Calculate 0 + -3 + 1 - (-6 + 12).
-8
Calculate (-1 - 3) + (-5 - (-5 - -2)).
-6
Calculate (-1 - (1 + -3)) + 0 + -2.
-1
What is the value of -1 + 8 - 1 - 13 - -12?
5
What is the value of 4 + 19 + (-3 - 11)?
9
-4 - (-1 + 0) - (-1 - 0)
-2
Calculate 1 - ((5 - 3) + 4).
-5
What is the value of -2 + 1 - (11 - 14)?
2
What is -8 + 1 + 3 + 7 + -1?
2
Calculate 3 + 4 - (13 + 5 + -9).
-2
Evaluate -8 + 3 + 3 - (3 - 1).
-4
(4 - 2 - 7) + 6
1
What is 2 + 1 + (7 - 14) + 6?
2
What is the value of 9 - 9 - (3 + (0 - -1))?
-4
Calculate 4 + (-3 - (-3 - -3)).
1
Calculate 4 + (-4 - -13) + 1 + -6.
8
What is the value of -2 - (-2 - (-6 + 4 - 2))?
-4
What is 2 - (2 - (0 - 0 - 0))?
0
Evaluate (-2 - -2) + 0 + 0 + 1.
1
(6 + -5 - -4) + 4 + -1
8
5 + -7 + (1 - -2)
1
What is 8 + -1 + -19 - (-2 - 2)?
-8
(6 - 10) + 6 + (-3 - -1)
0
3 + (-5 - -3) - 3
-2
What is the value of 7 - (18 - 4) - -5?
-2
What is 0 + -3 - (-4 - (1 + -2))?
0
Evaluate (-5 + 3 - -4) + -3 + -1.
-2
Calculate (0 + (-13 - -4) - 3) + 5.
-7
(2 + -1 - 2) + 1 - 2
-2
(93 - 99) + (14 - (1 + -1))
8
What is the value of (-5 - 2) + (15 - 2) - 2?
4
What is the value of 4 + (-3 + 1 - 0) + 3?
5
What is (0 - (-1 + -6)) + -12 + 5?
0
Calculate (2 - 4) + (-4 - (-4 + 2)).
-4
What is the value of 1 + (-4 - -10) + -2?
5
Evaluate (-206 - -195) + 3 + (0 - -1).
-7
Calculate 13 - (11 + -13 + 8).
7
What is the value of 163 + -148 - (7 - 0)?
8
What is 3 + -3 + (1 - 6)?
-5
Evaluate 7 + -3 + 0 + -2 + 2.
4
Calculate -6 + 4 - (0 + 1).
-3
What is the value of -13 - ((-5 - -13) + -10)?
-11
What is the value of 6 - ((0 - (-2 + 1)) + 0)?
5
What is the value of (-6 - -6) + (-4 - -2)?
-2
Calculate 5 - (0 - (6 + -14)).
-3
What is the value of 17 + -1 + -8 + -8?
0
What is the value of -6 - (6 - 12 - -2) - -3?
1
-14 + (-8 - (-4 - 3) - -6)
-9
What is the value of (-5 - (-2 + -1)) + -1?
-3
What is 13 - ((22 - 12) + 2)?
1
What is the value of 1 + -1 - (4 - (11 - 3))?
4
Calculate 45 - 56 - (0 - 7).
-4
Calculate (-5 - 8) + 18 + -15.
-10
What is the value of 6 + (3 - 2) + 1?
8
What is the value of 6 - (0 - -3) - 0?
3
What is 13 + 4 + -12 + -12?
-7
Calculate 8 - ((-1 - -6) + -1).
4
What is 8 + 5 + (-14 + 2 - -2)?
3
Calculate -6 - -13 - 9 - -3.
1
Calculate (-5 - -1) + (-1 + 7 - 2).
0
What is the value of (2 - 3) + 3 - 0?
2
Calculate -1 + (3 - (5 - (1 + 3))).
1
What is 1 + -11 + -3 + 8?
-5
What is (12 - (-1 - -5) - 6) + -3?
-1
What is the value of (-2 - 0) + (-7 - -5 - -6)